{"id":919,"date":"2022-08-01T23:35:11","date_gmt":"2022-08-01T22:35:11","guid":{"rendered":"http:\/\/martins-reisen.de\/?p=919"},"modified":"2025-10-03T17:42:44","modified_gmt":"2025-10-03T16:42:44","slug":"olympic-peninsula-vancouver-island","status":"publish","type":"page","link":"https:\/\/martins-reisen.de\/?page_id=919","title":{"rendered":"Olympic Peninsula, Vancouver Island"},"content":{"rendered":"\n<p>Von Seattle sind wir mit der F\u00e4hre zur sog. Olympic Peninsula \u00fcbergesetzt.<br>Das ist die nordwestlichste Ecke der USA und sozusagen der &#8222;Hauspark&#8220; von Seattle.<br>Deswegen ist auch viel los.<\/p>\n\n\n\n<figure class=\"wp-block-gallery has-nested-images columns-default is-cropped wp-block-gallery-1 is-layout-flex wp-block-gallery-is-layout-flex\">\n<figure class=\"wp-block-image size-full\"><a href=\"http:\/\/martins-reisen.de\/wp-content\/uploads\/2022\/07\/IMG_0781_ergebnis.jpg\"><img loading=\"lazy\" decoding=\"async\" width=\"800\" height=\"600\" data-id=\"863\" src=\"http:\/\/martins-reisen.de\/wp-content\/uploads\/2022\/07\/IMG_0781_ergebnis.jpg\" alt=\"\" class=\"wp-image-863\" srcset=\"https:\/\/martins-reisen.de\/wp-content\/uploads\/2022\/07\/IMG_0781_ergebnis.jpg 800w, https:\/\/martins-reisen.de\/wp-content\/uploads\/2022\/07\/IMG_0781_ergebnis-300x225.jpg 300w, https:\/\/martins-reisen.de\/wp-content\/uploads\/2022\/07\/IMG_0781_ergebnis-768x576.jpg 768w\" sizes=\"auto, (max-width: 800px) 100vw, 800px\" \/><\/a><\/figure>\n\n\n\n<figure class=\"wp-block-image size-full\"><a href=\"http:\/\/martins-reisen.de\/wp-content\/uploads\/2022\/07\/IMG_0783_ergebnis.jpg\"><img loading=\"lazy\" decoding=\"async\" width=\"800\" height=\"600\" data-id=\"862\" src=\"http:\/\/martins-reisen.de\/wp-content\/uploads\/2022\/07\/IMG_0783_ergebnis.jpg\" alt=\"\" class=\"wp-image-862\" srcset=\"https:\/\/martins-reisen.de\/wp-content\/uploads\/2022\/07\/IMG_0783_ergebnis.jpg 800w, https:\/\/martins-reisen.de\/wp-content\/uploads\/2022\/07\/IMG_0783_ergebnis-300x225.jpg 300w, https:\/\/martins-reisen.de\/wp-content\/uploads\/2022\/07\/IMG_0783_ergebnis-768x576.jpg 768w\" sizes=\"auto, (max-width: 800px) 100vw, 800px\" \/><\/a><\/figure>\n\n\n\n<figure class=\"wp-block-image size-full\"><a href=\"http:\/\/martins-reisen.de\/wp-content\/uploads\/2022\/07\/IMG_0787_ergebnis.jpg\"><img loading=\"lazy\" decoding=\"async\" width=\"800\" height=\"600\" data-id=\"861\" src=\"http:\/\/martins-reisen.de\/wp-content\/uploads\/2022\/07\/IMG_0787_ergebnis.jpg\" alt=\"\" class=\"wp-image-861\" srcset=\"https:\/\/martins-reisen.de\/wp-content\/uploads\/2022\/07\/IMG_0787_ergebnis.jpg 800w, https:\/\/martins-reisen.de\/wp-content\/uploads\/2022\/07\/IMG_0787_ergebnis-300x225.jpg 300w, https:\/\/martins-reisen.de\/wp-content\/uploads\/2022\/07\/IMG_0787_ergebnis-768x576.jpg 768w\" sizes=\"auto, (max-width: 800px) 100vw, 800px\" \/><\/a><\/figure>\n<\/figure>\n\n\n\n<p>Man kann von 0 bis auf 1650 m hochfahren und hat dann einen fantastischen Rundumblick<\/p>\n\n\n\n<figure class=\"wp-block-gallery has-nested-images columns-default is-cropped wp-block-gallery-2 is-layout-flex wp-block-gallery-is-layout-flex\">\n<figure class=\"wp-block-image size-full\"><a href=\"http:\/\/martins-reisen.de\/wp-content\/uploads\/2022\/07\/IMG_0791_ergebnis.jpg\"><img loading=\"lazy\" decoding=\"async\" width=\"800\" height=\"600\" data-id=\"860\" src=\"http:\/\/martins-reisen.de\/wp-content\/uploads\/2022\/07\/IMG_0791_ergebnis.jpg\" alt=\"\" class=\"wp-image-860\" srcset=\"https:\/\/martins-reisen.de\/wp-content\/uploads\/2022\/07\/IMG_0791_ergebnis.jpg 800w, https:\/\/martins-reisen.de\/wp-content\/uploads\/2022\/07\/IMG_0791_ergebnis-300x225.jpg 300w, https:\/\/martins-reisen.de\/wp-content\/uploads\/2022\/07\/IMG_0791_ergebnis-768x576.jpg 768w\" sizes=\"auto, (max-width: 800px) 100vw, 800px\" \/><\/a><figcaption class=\"wp-element-caption\">Auch Bambi hat keine Scheu und kommt bis auf wenige Meter heran<\/figcaption><\/figure>\n\n\n\n<figure class=\"wp-block-image size-full\"><a href=\"http:\/\/martins-reisen.de\/wp-content\/uploads\/2022\/07\/IMG_0792_ergebnis.jpg\"><img loading=\"lazy\" decoding=\"async\" width=\"800\" height=\"600\" data-id=\"859\" src=\"http:\/\/martins-reisen.de\/wp-content\/uploads\/2022\/07\/IMG_0792_ergebnis.jpg\" alt=\"\" class=\"wp-image-859\" srcset=\"https:\/\/martins-reisen.de\/wp-content\/uploads\/2022\/07\/IMG_0792_ergebnis.jpg 800w, https:\/\/martins-reisen.de\/wp-content\/uploads\/2022\/07\/IMG_0792_ergebnis-300x225.jpg 300w, https:\/\/martins-reisen.de\/wp-content\/uploads\/2022\/07\/IMG_0792_ergebnis-768x576.jpg 768w\" sizes=\"auto, (max-width: 800px) 100vw, 800px\" \/><\/a><\/figure>\n<\/figure>\n\n\n\n<p>Jetzt verlassen wir die USA nach \u00fcber 2 Monaten und ca. 12.000 km und setzen \u00fcber nach Vancouver Island in Kanada<\/p>\n\n\n\n<figure class=\"wp-block-gallery has-nested-images columns-default is-cropped wp-block-gallery-3 is-layout-flex wp-block-gallery-is-layout-flex\">\n<figure class=\"wp-block-image size-full\"><a href=\"http:\/\/martins-reisen.de\/wp-content\/uploads\/2022\/07\/IMG_0794_ergebnis.jpg\"><img loading=\"lazy\" decoding=\"async\" width=\"800\" height=\"600\" data-id=\"893\" src=\"http:\/\/martins-reisen.de\/wp-content\/uploads\/2022\/07\/IMG_0794_ergebnis.jpg\" alt=\"\" class=\"wp-image-893\" srcset=\"https:\/\/martins-reisen.de\/wp-content\/uploads\/2022\/07\/IMG_0794_ergebnis.jpg 800w, https:\/\/martins-reisen.de\/wp-content\/uploads\/2022\/07\/IMG_0794_ergebnis-300x225.jpg 300w, https:\/\/martins-reisen.de\/wp-content\/uploads\/2022\/07\/IMG_0794_ergebnis-768x576.jpg 768w\" sizes=\"auto, (max-width: 800px) 100vw, 800px\" \/><\/a><\/figure>\n\n\n\n<figure class=\"wp-block-image size-full\"><a href=\"http:\/\/martins-reisen.de\/wp-content\/uploads\/2022\/07\/20220726_100407_ergebnis.jpg\"><img loading=\"lazy\" decoding=\"async\" width=\"800\" height=\"600\" data-id=\"933\" src=\"http:\/\/martins-reisen.de\/wp-content\/uploads\/2022\/07\/20220726_100407_ergebnis.jpg\" alt=\"\" class=\"wp-image-933\" srcset=\"https:\/\/martins-reisen.de\/wp-content\/uploads\/2022\/07\/20220726_100407_ergebnis.jpg 800w, https:\/\/martins-reisen.de\/wp-content\/uploads\/2022\/07\/20220726_100407_ergebnis-300x225.jpg 300w, https:\/\/martins-reisen.de\/wp-content\/uploads\/2022\/07\/20220726_100407_ergebnis-768x576.jpg 768w\" sizes=\"auto, (max-width: 800px) 100vw, 800px\" \/><\/a><\/figure>\n<\/figure>\n\n\n\n<p>Die erste Station ist Victoria, die Hauptstadt der Provinz British Columbia.<br>Die Stadt ist viel &#8222;st\u00e4dtischer&#8220; und europ\u00e4ischer als gleichgro\u00dfe St\u00e4dte in den USA.<br>Ein starker Kontrast<\/p>\n\n\n\n<figure class=\"wp-block-gallery has-nested-images columns-default is-cropped wp-block-gallery-4 is-layout-flex wp-block-gallery-is-layout-flex\">\n<figure class=\"wp-block-image size-full\"><a href=\"http:\/\/martins-reisen.de\/wp-content\/uploads\/2022\/07\/IMG_0795_ergebnis.jpg\"><img loading=\"lazy\" decoding=\"async\" width=\"800\" height=\"600\" data-id=\"892\" src=\"http:\/\/martins-reisen.de\/wp-content\/uploads\/2022\/07\/IMG_0795_ergebnis.jpg\" alt=\"\" class=\"wp-image-892\" srcset=\"https:\/\/martins-reisen.de\/wp-content\/uploads\/2022\/07\/IMG_0795_ergebnis.jpg 800w, https:\/\/martins-reisen.de\/wp-content\/uploads\/2022\/07\/IMG_0795_ergebnis-300x225.jpg 300w, https:\/\/martins-reisen.de\/wp-content\/uploads\/2022\/07\/IMG_0795_ergebnis-768x576.jpg 768w\" sizes=\"auto, (max-width: 800px) 100vw, 800px\" \/><\/a><figcaption class=\"wp-element-caption\">Sitz der Provinzregierung<\/figcaption><\/figure>\n\n\n\n<figure class=\"wp-block-image size-full\"><a href=\"http:\/\/martins-reisen.de\/wp-content\/uploads\/2022\/07\/IMG_0796_ergebnis.jpg\"><img loading=\"lazy\" decoding=\"async\" width=\"450\" height=\"600\" data-id=\"891\" src=\"http:\/\/martins-reisen.de\/wp-content\/uploads\/2022\/07\/IMG_0796_ergebnis.jpg\" alt=\"\" class=\"wp-image-891\" srcset=\"https:\/\/martins-reisen.de\/wp-content\/uploads\/2022\/07\/IMG_0796_ergebnis.jpg 450w, https:\/\/martins-reisen.de\/wp-content\/uploads\/2022\/07\/IMG_0796_ergebnis-225x300.jpg 225w\" sizes=\"auto, (max-width: 450px) 100vw, 450px\" \/><\/a><figcaption class=\"wp-element-caption\">Ein Totempfahl der Ureinwohner<\/figcaption><\/figure>\n\n\n\n<figure class=\"wp-block-image size-full\"><a href=\"http:\/\/martins-reisen.de\/wp-content\/uploads\/2022\/07\/IMG_0797_ergebnis.jpg\"><img loading=\"lazy\" decoding=\"async\" width=\"800\" height=\"600\" data-id=\"890\" src=\"http:\/\/martins-reisen.de\/wp-content\/uploads\/2022\/07\/IMG_0797_ergebnis.jpg\" alt=\"\" class=\"wp-image-890\" srcset=\"https:\/\/martins-reisen.de\/wp-content\/uploads\/2022\/07\/IMG_0797_ergebnis.jpg 800w, https:\/\/martins-reisen.de\/wp-content\/uploads\/2022\/07\/IMG_0797_ergebnis-300x225.jpg 300w, https:\/\/martins-reisen.de\/wp-content\/uploads\/2022\/07\/IMG_0797_ergebnis-768x576.jpg 768w\" sizes=\"auto, (max-width: 800px) 100vw, 800px\" \/><\/a><figcaption class=\"wp-element-caption\">Ein Luxushotel<\/figcaption><\/figure>\n<\/figure>\n\n\n\n<figure class=\"wp-block-gallery has-nested-images columns-default is-cropped wp-block-gallery-5 is-layout-flex wp-block-gallery-is-layout-flex\">\n<figure class=\"wp-block-image size-full\"><a href=\"http:\/\/martins-reisen.de\/wp-content\/uploads\/2022\/07\/IMG_7828_ergebnis.jpg\"><img loading=\"lazy\" decoding=\"async\" width=\"400\" height=\"600\" data-id=\"935\" src=\"http:\/\/martins-reisen.de\/wp-content\/uploads\/2022\/07\/IMG_7828_ergebnis.jpg\" alt=\"\" class=\"wp-image-935\" srcset=\"https:\/\/martins-reisen.de\/wp-content\/uploads\/2022\/07\/IMG_7828_ergebnis.jpg 400w, https:\/\/martins-reisen.de\/wp-content\/uploads\/2022\/07\/IMG_7828_ergebnis-200x300.jpg 200w\" sizes=\"auto, (max-width: 400px) 100vw, 400px\" \/><\/a><\/figure>\n\n\n\n<figure class=\"wp-block-image size-full\"><a href=\"http:\/\/martins-reisen.de\/wp-content\/uploads\/2022\/07\/IMG_7811_ergebnis.jpg\"><img loading=\"lazy\" decoding=\"async\" width=\"800\" height=\"533\" data-id=\"936\" src=\"http:\/\/martins-reisen.de\/wp-content\/uploads\/2022\/07\/IMG_7811_ergebnis.jpg\" alt=\"\" class=\"wp-image-936\" srcset=\"https:\/\/martins-reisen.de\/wp-content\/uploads\/2022\/07\/IMG_7811_ergebnis.jpg 800w, https:\/\/martins-reisen.de\/wp-content\/uploads\/2022\/07\/IMG_7811_ergebnis-300x200.jpg 300w, https:\/\/martins-reisen.de\/wp-content\/uploads\/2022\/07\/IMG_7811_ergebnis-768x512.jpg 768w\" sizes=\"auto, (max-width: 800px) 100vw, 800px\" \/><\/a><figcaption class=\"wp-element-caption\">Ein Hauch von Old England<\/figcaption><\/figure>\n\n\n\n<figure class=\"wp-block-image size-full\"><a href=\"http:\/\/martins-reisen.de\/wp-content\/uploads\/2022\/07\/IMG_7830_ergebnis.jpg\"><img loading=\"lazy\" decoding=\"async\" width=\"800\" height=\"533\" data-id=\"934\" src=\"http:\/\/martins-reisen.de\/wp-content\/uploads\/2022\/07\/IMG_7830_ergebnis.jpg\" alt=\"\" class=\"wp-image-934\" srcset=\"https:\/\/martins-reisen.de\/wp-content\/uploads\/2022\/07\/IMG_7830_ergebnis.jpg 800w, https:\/\/martins-reisen.de\/wp-content\/uploads\/2022\/07\/IMG_7830_ergebnis-300x200.jpg 300w, https:\/\/martins-reisen.de\/wp-content\/uploads\/2022\/07\/IMG_7830_ergebnis-768x512.jpg 768w\" sizes=\"auto, (max-width: 800px) 100vw, 800px\" \/><\/a><figcaption class=\"wp-element-caption\">Ein Mittagssnack. Vegetarisch<\/figcaption><\/figure>\n<\/figure>\n\n\n\n<p>Auf Vancouver Island und Gabriola Island haben wir Freunde von Uschis Bruder besucht.<br>Ein paar ruhige Tage in idyllischer Umgebung<\/p>\n\n\n\n<p>Zuerst waren wir bei George in Chemainus, einem bezaubernden kleinen Ort<\/p>\n\n\n\n<p>Hier fanden wir auch die Gelegenheit, um bei &#8222;Halbzeit&#8220; der Reise einige Servicearbeiten zu erledigen: 2 neue Vorderreifen f\u00fcr Hermann, Motor\u00f6lwechsel an beiden Autos.<br>George, einer dieser Freunde hat uns an eine ausgezeichnete kleine Werkstatt vermittelt<\/p>\n\n\n\n<figure class=\"wp-block-gallery has-nested-images columns-default is-cropped wp-block-gallery-6 is-layout-flex wp-block-gallery-is-layout-flex\">\n<figure class=\"wp-block-image size-full\"><a href=\"http:\/\/martins-reisen.de\/wp-content\/uploads\/2022\/07\/20220726_194650_ergebnis.jpg\"><img loading=\"lazy\" decoding=\"async\" width=\"800\" height=\"600\" data-id=\"930\" src=\"http:\/\/martins-reisen.de\/wp-content\/uploads\/2022\/07\/20220726_194650_ergebnis.jpg\" alt=\"\" class=\"wp-image-930\" srcset=\"https:\/\/martins-reisen.de\/wp-content\/uploads\/2022\/07\/20220726_194650_ergebnis.jpg 800w, https:\/\/martins-reisen.de\/wp-content\/uploads\/2022\/07\/20220726_194650_ergebnis-300x225.jpg 300w, https:\/\/martins-reisen.de\/wp-content\/uploads\/2022\/07\/20220726_194650_ergebnis-768x576.jpg 768w\" sizes=\"auto, (max-width: 800px) 100vw, 800px\" \/><\/a><\/figure>\n\n\n\n<figure class=\"wp-block-image size-full\"><a href=\"http:\/\/martins-reisen.de\/wp-content\/uploads\/2022\/07\/20220726_200247_ergebnis.jpg\"><img loading=\"lazy\" decoding=\"async\" width=\"800\" height=\"600\" data-id=\"929\" src=\"http:\/\/martins-reisen.de\/wp-content\/uploads\/2022\/07\/20220726_200247_ergebnis.jpg\" alt=\"\" class=\"wp-image-929\" srcset=\"https:\/\/martins-reisen.de\/wp-content\/uploads\/2022\/07\/20220726_200247_ergebnis.jpg 800w, https:\/\/martins-reisen.de\/wp-content\/uploads\/2022\/07\/20220726_200247_ergebnis-300x225.jpg 300w, https:\/\/martins-reisen.de\/wp-content\/uploads\/2022\/07\/20220726_200247_ergebnis-768x576.jpg 768w\" sizes=\"auto, (max-width: 800px) 100vw, 800px\" \/><\/a><figcaption class=\"wp-element-caption\">Fachgespr\u00e4ch unter Car Guys<\/figcaption><\/figure>\n\n\n\n<figure class=\"wp-block-image size-full\"><a href=\"http:\/\/martins-reisen.de\/wp-content\/uploads\/2022\/07\/20220726_202528_ergebnis.jpg\"><img loading=\"lazy\" decoding=\"async\" width=\"800\" height=\"600\" data-id=\"927\" src=\"http:\/\/martins-reisen.de\/wp-content\/uploads\/2022\/07\/20220726_202528_ergebnis.jpg\" alt=\"\" class=\"wp-image-927\" srcset=\"https:\/\/martins-reisen.de\/wp-content\/uploads\/2022\/07\/20220726_202528_ergebnis.jpg 800w, https:\/\/martins-reisen.de\/wp-content\/uploads\/2022\/07\/20220726_202528_ergebnis-300x225.jpg 300w, https:\/\/martins-reisen.de\/wp-content\/uploads\/2022\/07\/20220726_202528_ergebnis-768x576.jpg 768w\" sizes=\"auto, (max-width: 800px) 100vw, 800px\" \/><\/a><figcaption class=\"wp-element-caption\">Das \u00d6rtchen ist bekannt f\u00fcr seine vielen Wandmalereien<\/figcaption><\/figure>\n<\/figure>\n\n\n\n<figure class=\"wp-block-gallery has-nested-images columns-default is-cropped wp-block-gallery-7 is-layout-flex wp-block-gallery-is-layout-flex\">\n<figure class=\"wp-block-image size-full\"><a href=\"http:\/\/martins-reisen.de\/wp-content\/uploads\/2022\/07\/20220727_185915_ergebnis.jpg\"><img loading=\"lazy\" decoding=\"async\" width=\"800\" height=\"600\" data-id=\"925\" src=\"http:\/\/martins-reisen.de\/wp-content\/uploads\/2022\/07\/20220727_185915_ergebnis.jpg\" alt=\"\" class=\"wp-image-925\" srcset=\"https:\/\/martins-reisen.de\/wp-content\/uploads\/2022\/07\/20220727_185915_ergebnis.jpg 800w, https:\/\/martins-reisen.de\/wp-content\/uploads\/2022\/07\/20220727_185915_ergebnis-300x225.jpg 300w, https:\/\/martins-reisen.de\/wp-content\/uploads\/2022\/07\/20220727_185915_ergebnis-768x576.jpg 768w\" sizes=\"auto, (max-width: 800px) 100vw, 800px\" \/><\/a><figcaption class=\"wp-element-caption\">Eine originelle Kneipe mit dem Bild einer alten S\u00e4gem\u00fchle an der Wand<\/figcaption><\/figure>\n\n\n\n<figure class=\"wp-block-image size-full\"><a href=\"http:\/\/martins-reisen.de\/wp-content\/uploads\/2022\/07\/20220727_190009_ergebnis.jpg\"><img loading=\"lazy\" decoding=\"async\" width=\"800\" height=\"600\" data-id=\"924\" src=\"http:\/\/martins-reisen.de\/wp-content\/uploads\/2022\/07\/20220727_190009_ergebnis.jpg\" alt=\"\" class=\"wp-image-924\" srcset=\"https:\/\/martins-reisen.de\/wp-content\/uploads\/2022\/07\/20220727_190009_ergebnis.jpg 800w, https:\/\/martins-reisen.de\/wp-content\/uploads\/2022\/07\/20220727_190009_ergebnis-300x225.jpg 300w, https:\/\/martins-reisen.de\/wp-content\/uploads\/2022\/07\/20220727_190009_ergebnis-768x576.jpg 768w\" sizes=\"auto, (max-width: 800px) 100vw, 800px\" \/><\/a><figcaption class=\"wp-element-caption\">Jeder Zapfhahn ist f\u00fcr eine andere Biersorte<\/figcaption><\/figure>\n<\/figure>\n\n\n\n<figure class=\"wp-block-image size-full\"><img loading=\"lazy\" decoding=\"async\" width=\"800\" height=\"600\" src=\"http:\/\/martins-reisen.de\/wp-content\/uploads\/2022\/07\/20220727_212635_ergebnis.jpg\" alt=\"\" class=\"wp-image-923\" srcset=\"https:\/\/martins-reisen.de\/wp-content\/uploads\/2022\/07\/20220727_212635_ergebnis.jpg 800w, https:\/\/martins-reisen.de\/wp-content\/uploads\/2022\/07\/20220727_212635_ergebnis-300x225.jpg 300w, https:\/\/martins-reisen.de\/wp-content\/uploads\/2022\/07\/20220727_212635_ergebnis-768x576.jpg 768w\" sizes=\"auto, (max-width: 800px) 100vw, 800px\" \/><figcaption class=\"wp-element-caption\">Nat\u00fcrlich darf auch der obligatorische Sonnenuntergang nicht fehlen<\/figcaption><\/figure>\n\n\n\n<figure class=\"wp-block-gallery has-nested-images columns-default is-cropped wp-block-gallery-8 is-layout-flex wp-block-gallery-is-layout-flex\">\n<figure class=\"wp-block-image size-full\"><a href=\"http:\/\/martins-reisen.de\/wp-content\/uploads\/2022\/07\/IMG_0801_ergebnis.jpg\"><img loading=\"lazy\" decoding=\"async\" width=\"800\" height=\"600\" data-id=\"888\" src=\"http:\/\/martins-reisen.de\/wp-content\/uploads\/2022\/07\/IMG_0801_ergebnis.jpg\" alt=\"\" class=\"wp-image-888\" srcset=\"https:\/\/martins-reisen.de\/wp-content\/uploads\/2022\/07\/IMG_0801_ergebnis.jpg 800w, https:\/\/martins-reisen.de\/wp-content\/uploads\/2022\/07\/IMG_0801_ergebnis-300x225.jpg 300w, https:\/\/martins-reisen.de\/wp-content\/uploads\/2022\/07\/IMG_0801_ergebnis-768x576.jpg 768w\" sizes=\"auto, (max-width: 800px) 100vw, 800px\" \/><\/a><\/figure>\n\n\n\n<figure class=\"wp-block-image size-full\"><a href=\"http:\/\/martins-reisen.de\/wp-content\/uploads\/2022\/07\/IMG_0802_ergebnis.jpg\"><img loading=\"lazy\" decoding=\"async\" width=\"800\" height=\"600\" data-id=\"887\" src=\"http:\/\/martins-reisen.de\/wp-content\/uploads\/2022\/07\/IMG_0802_ergebnis.jpg\" alt=\"\" class=\"wp-image-887\" srcset=\"https:\/\/martins-reisen.de\/wp-content\/uploads\/2022\/07\/IMG_0802_ergebnis.jpg 800w, https:\/\/martins-reisen.de\/wp-content\/uploads\/2022\/07\/IMG_0802_ergebnis-300x225.jpg 300w, https:\/\/martins-reisen.de\/wp-content\/uploads\/2022\/07\/IMG_0802_ergebnis-768x576.jpg 768w\" sizes=\"auto, (max-width: 800px) 100vw, 800px\" \/><\/a><\/figure>\n\n\n\n<figure class=\"wp-block-image size-full\"><a href=\"http:\/\/martins-reisen.de\/wp-content\/uploads\/2022\/08\/IMG_0806_ergebnis.jpg\"><img loading=\"lazy\" decoding=\"async\" width=\"800\" height=\"600\" data-id=\"965\" src=\"http:\/\/martins-reisen.de\/wp-content\/uploads\/2022\/08\/IMG_0806_ergebnis.jpg\" alt=\"\" class=\"wp-image-965\" srcset=\"https:\/\/martins-reisen.de\/wp-content\/uploads\/2022\/08\/IMG_0806_ergebnis.jpg 800w, https:\/\/martins-reisen.de\/wp-content\/uploads\/2022\/08\/IMG_0806_ergebnis-300x225.jpg 300w, https:\/\/martins-reisen.de\/wp-content\/uploads\/2022\/08\/IMG_0806_ergebnis-768x576.jpg 768w\" sizes=\"auto, (max-width: 800px) 100vw, 800px\" \/><\/a><\/figure>\n<\/figure>\n\n\n\n<p><\/p>\n\n\n\n<p>Das Wetter ist auch hier au\u00dfergew\u00f6hnlich warm, 35\u00b0 C. <br>Noch vor einem Monat haben die Leute \u00fcber K\u00e4lte geklagt: Wochenlang max. 8\u00b0 C;<br>Das werden wir auch bald haben: Ganz im Norden (Inuvik) zur Zeit 12\u00b0C<\/p>\n\n\n\n<h3 class=\"wp-block-heading\"><a href=\"http:\/\/martins-reisen.de\/?page_id=966\" data-type=\"page\" data-id=\"966\">N\u00e4chste Seite<\/a><\/h3>\n","protected":false},"excerpt":{"rendered":"<p>Von Seattle sind wir mit der F\u00e4hre zur sog. Olympic Peninsula \u00fcbergesetzt.Das ist die nordwestlichste Ecke der USA und sozusagen der &#8222;Hauspark&#8220; von Seattle.Deswegen ist auch viel los. Man kann von 0 bis auf 1650 m hochfahren und hat dann einen fantastischen Rundumblick Jetzt verlassen wir die USA nach \u00fcber 2 Monaten und ca. 12.000 &#8230; <a title=\"Olympic Peninsula, Vancouver Island\" class=\"read-more\" href=\"https:\/\/martins-reisen.de\/?page_id=919\" aria-label=\"Mehr Informationen \u00fcber Olympic Peninsula, Vancouver Island\">Weiterlesen<\/a><\/p>\n","protected":false},"author":1,"featured_media":0,"parent":0,"menu_order":21,"comment_status":"closed","ping_status":"closed","template":"","meta":{"ngg_post_thumbnail":0,"footnotes":""},"categories":[4],"tags":[],"class_list":{"0":"post-919","1":"page","2":"type-page","3":"status-publish","5":"category-nordamerika"},"_links":{"self":[{"href":"https:\/\/martins-reisen.de\/index.php?rest_route=\/wp\/v2\/pages\/919","targetHints":{"allow":["GET"]}}],"collection":[{"href":"https:\/\/martins-reisen.de\/index.php?rest_route=\/wp\/v2\/pages"}],"about":[{"href":"https:\/\/martins-reisen.de\/index.php?rest_route=\/wp\/v2\/types\/page"}],"author":[{"embeddable":true,"href":"https:\/\/martins-reisen.de\/index.php?rest_route=\/wp\/v2\/users\/1"}],"replies":[{"embeddable":true,"href":"https:\/\/martins-reisen.de\/index.php?rest_route=%2Fwp%2Fv2%2Fcomments&post=919"}],"version-history":[{"count":7,"href":"https:\/\/martins-reisen.de\/index.php?rest_route=\/wp\/v2\/pages\/919\/revisions"}],"predecessor-version":[{"id":1625,"href":"https:\/\/martins-reisen.de\/index.php?rest_route=\/wp\/v2\/pages\/919\/revisions\/1625"}],"wp:attachment":[{"href":"https:\/\/martins-reisen.de\/index.php?rest_route=%2Fwp%2Fv2%2Fmedia&parent=919"}],"wp:term":[{"taxonomy":"category","embeddable":true,"href":"https:\/\/martins-reisen.de\/index.php?rest_route=%2Fwp%2Fv2%2Fcategories&post=919"},{"taxonomy":"post_tag","embeddable":true,"href":"https:\/\/martins-reisen.de\/index.php?rest_route=%2Fwp%2Fv2%2Ftags&post=919"}],"curies":[{"name":"wp","href":"https:\/\/api.w.org\/{rel}","templated":true}]}}