{"id":178,"date":"2022-05-22T21:59:48","date_gmt":"2022-05-22T20:59:48","guid":{"rendered":"http:\/\/martins-reisen.de\/?p=178"},"modified":"2025-10-03T17:16:34","modified_gmt":"2025-10-03T16:16:34","slug":"die-ersten-tage-in-kanada","status":"publish","type":"page","link":"https:\/\/martins-reisen.de\/?page_id=178","title":{"rendered":"Die ersten Tage in Kanada"},"content":{"rendered":"\n<figure class=\"wp-block-gallery has-nested-images columns-3 is-cropped wp-block-gallery-1 is-layout-flex wp-block-gallery-is-layout-flex\">\n<figure class=\"wp-block-image size-full\"><a href=\"http:\/\/martins-reisen.de\/wp-content\/uploads\/2022\/05\/20220510_105740_ergebnis.jpg\"><img loading=\"lazy\" decoding=\"async\" width=\"800\" height=\"600\" data-id=\"180\" src=\"http:\/\/martins-reisen.de\/wp-content\/uploads\/2022\/05\/20220510_105740_ergebnis.jpg\" alt=\"\" class=\"wp-image-180\" srcset=\"https:\/\/martins-reisen.de\/wp-content\/uploads\/2022\/05\/20220510_105740_ergebnis.jpg 800w, https:\/\/martins-reisen.de\/wp-content\/uploads\/2022\/05\/20220510_105740_ergebnis-300x225.jpg 300w, https:\/\/martins-reisen.de\/wp-content\/uploads\/2022\/05\/20220510_105740_ergebnis-768x576.jpg 768w\" sizes=\"auto, (max-width: 800px) 100vw, 800px\" \/><\/a><\/figure>\n\n\n\n<figure class=\"wp-block-image size-full\"><a href=\"http:\/\/martins-reisen.de\/wp-content\/uploads\/2022\/05\/IMG_9436_ergebnis.jpg\"><img loading=\"lazy\" decoding=\"async\" width=\"800\" height=\"533\" data-id=\"192\" src=\"http:\/\/martins-reisen.de\/wp-content\/uploads\/2022\/05\/IMG_9436_ergebnis.jpg\" alt=\"\" class=\"wp-image-192\" srcset=\"https:\/\/martins-reisen.de\/wp-content\/uploads\/2022\/05\/IMG_9436_ergebnis.jpg 800w, https:\/\/martins-reisen.de\/wp-content\/uploads\/2022\/05\/IMG_9436_ergebnis-300x200.jpg 300w, https:\/\/martins-reisen.de\/wp-content\/uploads\/2022\/05\/IMG_9436_ergebnis-768x512.jpg 768w\" sizes=\"auto, (max-width: 800px) 100vw, 800px\" \/><\/a><\/figure>\n\n\n\n<figure class=\"wp-block-image size-full\"><a href=\"http:\/\/martins-reisen.de\/wp-content\/uploads\/2022\/05\/20220512_111936_ergebnis.jpg\"><img loading=\"lazy\" decoding=\"async\" width=\"800\" height=\"600\" data-id=\"187\" src=\"http:\/\/martins-reisen.de\/wp-content\/uploads\/2022\/05\/20220512_111936_ergebnis.jpg\" alt=\"\" class=\"wp-image-187\" srcset=\"https:\/\/martins-reisen.de\/wp-content\/uploads\/2022\/05\/20220512_111936_ergebnis.jpg 800w, https:\/\/martins-reisen.de\/wp-content\/uploads\/2022\/05\/20220512_111936_ergebnis-300x225.jpg 300w, https:\/\/martins-reisen.de\/wp-content\/uploads\/2022\/05\/20220512_111936_ergebnis-768x576.jpg 768w\" sizes=\"auto, (max-width: 800px) 100vw, 800px\" \/><\/a><\/figure>\n<\/figure>\n\n\n\n<p>Schon 2 Tage nach Ankunft konnten wir unsere Autos aus dem Hafen abholen (au\u00dfer uns noch ca 60 andere)<br>Die Formalit\u00e4ten waren problemlos<br>Dann nur noch Leihwagen zur\u00fcck bringen und los gehts!<\/p>\n\n\n\n<p>Das Fahren ist ziemlich stressfrei: Die Geschwindigkeitsbegrenzungen (100-110 auf der Autobahn, 80 auf der Landstra\u00dfe), die Leute respektieren die Regeln (anders als bei uns), die ganze Infrastruktur ist &#8222;autogerecht&#8220; angelegt. Nur, dass die LKW mit 110 an einem vorbeibrettern ist gew\u00f6hnungsbed\u00fcrftig.<\/p>\n\n\n\n<figure class=\"wp-block-image alignnone size-full wp-image-169\"><img loading=\"lazy\" decoding=\"async\" width=\"800\" height=\"533\" src=\"http:\/\/martins-reisen.de\/wp-content\/uploads\/2022\/05\/IMG_9379_ergebnis.jpg\" alt=\"\" class=\"wp-image-169\" srcset=\"https:\/\/martins-reisen.de\/wp-content\/uploads\/2022\/05\/IMG_9379_ergebnis.jpg 800w, https:\/\/martins-reisen.de\/wp-content\/uploads\/2022\/05\/IMG_9379_ergebnis-300x200.jpg 300w, https:\/\/martins-reisen.de\/wp-content\/uploads\/2022\/05\/IMG_9379_ergebnis-768x512.jpg 768w\" sizes=\"auto, (max-width: 800px) 100vw, 800px\" \/><figcaption class=\"wp-element-caption\">ein typischer LKW<\/figcaption><\/figure>\n\n\n\n<p>Die erste \u00dcbernachtung (ein Campingplatz in der N\u00e4he von Halifax) war auch ein Preisschock: 40\u20ac!<br>Wenn das so weitergeht werden wir arm!<br>Aber, wie so oft am Anfang einer Reise in einem neuen Land, bezahlt man erstmal Lehrgeld.<br>Nach ein paar Tagen wei\u00df man wie der Hase l\u00e4uft und lebt deutlich preiswerter<\/p>\n\n\n\n<figure class=\"wp-block-gallery has-nested-images columns-3 is-cropped wp-block-gallery-2 is-layout-flex wp-block-gallery-is-layout-flex\">\n<figure class=\"wp-block-image size-full\"><a href=\"http:\/\/martins-reisen.de\/wp-content\/uploads\/2022\/05\/IMG_9410_ergebnis.jpg\"><img loading=\"lazy\" decoding=\"async\" width=\"800\" height=\"533\" data-id=\"191\" src=\"http:\/\/martins-reisen.de\/wp-content\/uploads\/2022\/05\/IMG_9410_ergebnis.jpg\" alt=\"\" class=\"wp-image-191\" srcset=\"https:\/\/martins-reisen.de\/wp-content\/uploads\/2022\/05\/IMG_9410_ergebnis.jpg 800w, https:\/\/martins-reisen.de\/wp-content\/uploads\/2022\/05\/IMG_9410_ergebnis-300x200.jpg 300w, https:\/\/martins-reisen.de\/wp-content\/uploads\/2022\/05\/IMG_9410_ergebnis-768x512.jpg 768w\" sizes=\"auto, (max-width: 800px) 100vw, 800px\" \/><\/a><\/figure>\n\n\n\n<figure class=\"wp-block-image size-full\"><a href=\"http:\/\/martins-reisen.de\/wp-content\/uploads\/2022\/05\/20220510_202024_ergebnis.jpg\"><img loading=\"lazy\" decoding=\"async\" width=\"800\" height=\"600\" data-id=\"183\" src=\"http:\/\/martins-reisen.de\/wp-content\/uploads\/2022\/05\/20220510_202024_ergebnis.jpg\" alt=\"\" class=\"wp-image-183\" srcset=\"https:\/\/martins-reisen.de\/wp-content\/uploads\/2022\/05\/20220510_202024_ergebnis.jpg 800w, https:\/\/martins-reisen.de\/wp-content\/uploads\/2022\/05\/20220510_202024_ergebnis-300x225.jpg 300w, https:\/\/martins-reisen.de\/wp-content\/uploads\/2022\/05\/20220510_202024_ergebnis-768x576.jpg 768w\" sizes=\"auto, (max-width: 800px) 100vw, 800px\" \/><\/a><\/figure>\n\n\n\n<figure class=\"wp-block-image size-full\"><a href=\"http:\/\/martins-reisen.de\/wp-content\/uploads\/2022\/05\/20220512_184104_ergebnis.jpg\"><img loading=\"lazy\" decoding=\"async\" width=\"800\" height=\"600\" data-id=\"190\" src=\"http:\/\/martins-reisen.de\/wp-content\/uploads\/2022\/05\/20220512_184104_ergebnis.jpg\" alt=\"\" class=\"wp-image-190\" srcset=\"https:\/\/martins-reisen.de\/wp-content\/uploads\/2022\/05\/20220512_184104_ergebnis.jpg 800w, https:\/\/martins-reisen.de\/wp-content\/uploads\/2022\/05\/20220512_184104_ergebnis-300x225.jpg 300w, https:\/\/martins-reisen.de\/wp-content\/uploads\/2022\/05\/20220512_184104_ergebnis-768x576.jpg 768w\" sizes=\"auto, (max-width: 800px) 100vw, 800px\" \/><\/a><\/figure>\n<\/figure>\n\n\n\n<p>In Kanada haben wir auch zwei Mal &#8222;wild&#8220; gecampt (was aber in Nordamerika generell sehr schwierig ist: Alles Privatgrundst\u00fccke und auf Staatsland wird es nicht gern gesehen nach dem Motto: Warum steht ihr hier und geht nicht auf den 10 km entfernten Campingplatz?<\/p>\n\n\n\n<figure class=\"wp-block-gallery has-nested-images columns-3 is-cropped wp-block-gallery-3 is-layout-flex wp-block-gallery-is-layout-flex\">\n<figure class=\"wp-block-image size-full\"><a href=\"http:\/\/martins-reisen.de\/wp-content\/uploads\/2022\/05\/IMG_9453_ergebnis.jpg\"><img loading=\"lazy\" decoding=\"async\" width=\"800\" height=\"533\" data-id=\"196\" src=\"http:\/\/martins-reisen.de\/wp-content\/uploads\/2022\/05\/IMG_9453_ergebnis.jpg\" alt=\"\" class=\"wp-image-196\" srcset=\"https:\/\/martins-reisen.de\/wp-content\/uploads\/2022\/05\/IMG_9453_ergebnis.jpg 800w, https:\/\/martins-reisen.de\/wp-content\/uploads\/2022\/05\/IMG_9453_ergebnis-300x200.jpg 300w, https:\/\/martins-reisen.de\/wp-content\/uploads\/2022\/05\/IMG_9453_ergebnis-768x512.jpg 768w\" sizes=\"auto, (max-width: 800px) 100vw, 800px\" \/><\/a><\/figure>\n\n\n\n<figure class=\"wp-block-image size-full\"><a href=\"http:\/\/martins-reisen.de\/wp-content\/uploads\/2022\/05\/20220512_165033_ergebnis.jpg\"><img loading=\"lazy\" decoding=\"async\" width=\"800\" height=\"600\" data-id=\"188\" src=\"http:\/\/martins-reisen.de\/wp-content\/uploads\/2022\/05\/20220512_165033_ergebnis.jpg\" alt=\"\" class=\"wp-image-188\" srcset=\"https:\/\/martins-reisen.de\/wp-content\/uploads\/2022\/05\/20220512_165033_ergebnis.jpg 800w, https:\/\/martins-reisen.de\/wp-content\/uploads\/2022\/05\/20220512_165033_ergebnis-300x225.jpg 300w, https:\/\/martins-reisen.de\/wp-content\/uploads\/2022\/05\/20220512_165033_ergebnis-768x576.jpg 768w\" sizes=\"auto, (max-width: 800px) 100vw, 800px\" \/><\/a><\/figure>\n\n\n\n<figure class=\"wp-block-image size-full\"><a href=\"http:\/\/martins-reisen.de\/wp-content\/uploads\/2022\/05\/20220512_165101_ergebnis.jpg\"><img loading=\"lazy\" decoding=\"async\" width=\"800\" height=\"600\" data-id=\"189\" src=\"http:\/\/martins-reisen.de\/wp-content\/uploads\/2022\/05\/20220512_165101_ergebnis.jpg\" alt=\"\" class=\"wp-image-189\" srcset=\"https:\/\/martins-reisen.de\/wp-content\/uploads\/2022\/05\/20220512_165101_ergebnis.jpg 800w, https:\/\/martins-reisen.de\/wp-content\/uploads\/2022\/05\/20220512_165101_ergebnis-300x225.jpg 300w, https:\/\/martins-reisen.de\/wp-content\/uploads\/2022\/05\/20220512_165101_ergebnis-768x576.jpg 768w\" sizes=\"auto, (max-width: 800px) 100vw, 800px\" \/><\/a><\/figure>\n<\/figure>\n\n\n\n<p>Noch ein Kommentar zum Wetter:<br>Es wechselt sehr schnell und sehr extrem. Wir hatten bisher mehrfach Temperaturspr\u00fcnge von 20\u00b0 von einem Tag zum anderen.<br>Weil in Nordamerika die Bergketten in Nord-S\u00fcd Richtung verlaufen, gibt es kein typisches Westwind Wetter wie bei uns:<br>Entweder kommt arktische Luft aus dem Norden oder schw\u00fcl-hei\u00dfe Luft aus dem Golf von MexikoSierra Nevada,<\/p>\n\n\n\n<p>Das Tanken:<\/p>\n\n\n\n<figure class=\"wp-block-gallery has-nested-images columns-3 is-cropped wp-block-gallery-4 is-layout-flex wp-block-gallery-is-layout-flex\">\n<figure class=\"wp-block-image size-full\"><a href=\"http:\/\/martins-reisen.de\/wp-content\/uploads\/2022\/05\/20220513_100558_ergebnis.jpg\"><img loading=\"lazy\" decoding=\"async\" width=\"800\" height=\"600\" data-id=\"202\" src=\"http:\/\/martins-reisen.de\/wp-content\/uploads\/2022\/05\/20220513_100558_ergebnis.jpg\" alt=\"\" class=\"wp-image-202\" srcset=\"https:\/\/martins-reisen.de\/wp-content\/uploads\/2022\/05\/20220513_100558_ergebnis.jpg 800w, https:\/\/martins-reisen.de\/wp-content\/uploads\/2022\/05\/20220513_100558_ergebnis-300x225.jpg 300w, https:\/\/martins-reisen.de\/wp-content\/uploads\/2022\/05\/20220513_100558_ergebnis-768x576.jpg 768w\" sizes=\"auto, (max-width: 800px) 100vw, 800px\" \/><\/a><\/figure>\n\n\n\n<figure class=\"wp-block-image size-full\"><a href=\"http:\/\/martins-reisen.de\/wp-content\/uploads\/2022\/05\/20220513_100656_ergebnis.jpg\"><img loading=\"lazy\" decoding=\"async\" width=\"800\" height=\"600\" data-id=\"203\" src=\"http:\/\/martins-reisen.de\/wp-content\/uploads\/2022\/05\/20220513_100656_ergebnis.jpg\" alt=\"\" class=\"wp-image-203\" srcset=\"https:\/\/martins-reisen.de\/wp-content\/uploads\/2022\/05\/20220513_100656_ergebnis.jpg 800w, https:\/\/martins-reisen.de\/wp-content\/uploads\/2022\/05\/20220513_100656_ergebnis-300x225.jpg 300w, https:\/\/martins-reisen.de\/wp-content\/uploads\/2022\/05\/20220513_100656_ergebnis-768x576.jpg 768w\" sizes=\"auto, (max-width: 800px) 100vw, 800px\" \/><\/a><\/figure>\n\n\n\n<figure class=\"wp-block-image size-full\"><a href=\"http:\/\/martins-reisen.de\/wp-content\/uploads\/2022\/05\/20220513_100834_ergebnis.jpg\"><img loading=\"lazy\" decoding=\"async\" width=\"800\" height=\"600\" data-id=\"204\" src=\"http:\/\/martins-reisen.de\/wp-content\/uploads\/2022\/05\/20220513_100834_ergebnis.jpg\" alt=\"\" class=\"wp-image-204\" srcset=\"https:\/\/martins-reisen.de\/wp-content\/uploads\/2022\/05\/20220513_100834_ergebnis.jpg 800w, https:\/\/martins-reisen.de\/wp-content\/uploads\/2022\/05\/20220513_100834_ergebnis-300x225.jpg 300w, https:\/\/martins-reisen.de\/wp-content\/uploads\/2022\/05\/20220513_100834_ergebnis-768x576.jpg 768w\" sizes=\"auto, (max-width: 800px) 100vw, 800px\" \/><\/a><\/figure>\n<\/figure>\n\n\n\n<p>Der Tankvorgang ist einfach: An der S\u00e4ule die Kreditkarte einschieben, PIN eingeben, Sorte w\u00e4hlen und los gehts.<br>Diesel ist deutlich teurer als Benzin, das Preisniveau in Kanada hoch (ca. 1,90\u20ac)<br>In den USA schwankt der Preis ziemlich, je nach Bundesstaat: Am teuersten bisher in New York State (ca. 1,60\u20ac), sonst ca. 1,30\u20ac.<\/p>\n\n\n\n<p>Schwierig war es mit dem Gas-Tanken (unsere Gastanks mussten f\u00fcr den Schifftransport leer sein): Es gibt nur sehr wenige LPG-Tankm\u00f6glichkeiten, und die muss man erstmal finden.<\/p>\n\n\n\n<figure class=\"wp-block-gallery has-nested-images columns-2 is-cropped wp-block-gallery-5 is-layout-flex wp-block-gallery-is-layout-flex\">\n<figure class=\"wp-block-image size-full\"><a href=\"http:\/\/martins-reisen.de\/wp-content\/uploads\/2022\/05\/20220512_100846_ergebnis.jpg\"><img loading=\"lazy\" decoding=\"async\" width=\"800\" height=\"600\" data-id=\"185\" src=\"http:\/\/martins-reisen.de\/wp-content\/uploads\/2022\/05\/20220512_100846_ergebnis.jpg\" alt=\"\" class=\"wp-image-185\" srcset=\"https:\/\/martins-reisen.de\/wp-content\/uploads\/2022\/05\/20220512_100846_ergebnis.jpg 800w, https:\/\/martins-reisen.de\/wp-content\/uploads\/2022\/05\/20220512_100846_ergebnis-300x225.jpg 300w, https:\/\/martins-reisen.de\/wp-content\/uploads\/2022\/05\/20220512_100846_ergebnis-768x576.jpg 768w\" sizes=\"auto, (max-width: 800px) 100vw, 800px\" \/><\/a><\/figure>\n\n\n\n<figure class=\"wp-block-image size-full\"><a href=\"http:\/\/martins-reisen.de\/wp-content\/uploads\/2022\/05\/20220512_101600_ergebnis.jpg\"><img loading=\"lazy\" decoding=\"async\" width=\"800\" height=\"600\" data-id=\"186\" src=\"http:\/\/martins-reisen.de\/wp-content\/uploads\/2022\/05\/20220512_101600_ergebnis.jpg\" alt=\"\" class=\"wp-image-186\" srcset=\"https:\/\/martins-reisen.de\/wp-content\/uploads\/2022\/05\/20220512_101600_ergebnis.jpg 800w, https:\/\/martins-reisen.de\/wp-content\/uploads\/2022\/05\/20220512_101600_ergebnis-300x225.jpg 300w, https:\/\/martins-reisen.de\/wp-content\/uploads\/2022\/05\/20220512_101600_ergebnis-768x576.jpg 768w\" sizes=\"auto, (max-width: 800px) 100vw, 800px\" \/><\/a><\/figure>\n<\/figure>\n\n\n\n<p>Auch beim \u00dcbernachten hat sich eine gewisse Routine eingestellt:<br>Wir haben \u00f6fter auf Parkpl\u00e4tzen der Supermarktkette Walmart gestanden. Dort ist bei vielen die \u00dcbernachtung gestattet und man kann auch gleich einkaufen gehen. Die Pl\u00e4tze sind so riesig, dass man ziemlich ungest\u00f6rt ist.<\/p>\n\n\n\n<p><img loading=\"lazy\" decoding=\"async\" width=\"800\" height=\"533\" class=\"alignnone size-full wp-image-217\" src=\"http:\/\/martins-reisen.de\/wp-content\/uploads\/2022\/05\/IMG_9515_ergebnis.jpg\" alt=\"\" srcset=\"https:\/\/martins-reisen.de\/wp-content\/uploads\/2022\/05\/IMG_9515_ergebnis.jpg 800w, https:\/\/martins-reisen.de\/wp-content\/uploads\/2022\/05\/IMG_9515_ergebnis-300x200.jpg 300w, https:\/\/martins-reisen.de\/wp-content\/uploads\/2022\/05\/IMG_9515_ergebnis-768x512.jpg 768w\" sizes=\"auto, (max-width: 800px) 100vw, 800px\" \/><br>Au\u00dferdem haben wir eine App gefunden (RV Parky), die Stellpl\u00e4tze in der N\u00e4he des Standortes anzeigt mit Preisen.<br>Am sch\u00f6nsten und preiswertesten steht man auf State-Campgrounds: Sehr gro\u00dfz\u00fcgig angelegte Pl\u00e4tze, um die 20$, in der Vorsaison gen\u00fcgend freie Pl\u00e4tze.<br>In den USA gibt es daf\u00fcr eine eigene Website (recreation.gov), wo man solche Campgrounds buchen kann.<\/p>\n\n\n\n<figure class=\"wp-block-gallery has-nested-images columns-3 is-cropped wp-block-gallery-6 is-layout-flex wp-block-gallery-is-layout-flex\">\n<figure class=\"wp-block-image size-full\"><a href=\"http:\/\/martins-reisen.de\/wp-content\/uploads\/2022\/05\/20220515_150836_ergebnis.jpg\"><img loading=\"lazy\" decoding=\"async\" width=\"800\" height=\"600\" data-id=\"209\" src=\"http:\/\/martins-reisen.de\/wp-content\/uploads\/2022\/05\/20220515_150836_ergebnis.jpg\" alt=\"\" class=\"wp-image-209\" srcset=\"https:\/\/martins-reisen.de\/wp-content\/uploads\/2022\/05\/20220515_150836_ergebnis.jpg 800w, https:\/\/martins-reisen.de\/wp-content\/uploads\/2022\/05\/20220515_150836_ergebnis-300x225.jpg 300w, https:\/\/martins-reisen.de\/wp-content\/uploads\/2022\/05\/20220515_150836_ergebnis-768x576.jpg 768w\" sizes=\"auto, (max-width: 800px) 100vw, 800px\" \/><\/a><\/figure>\n\n\n\n<figure class=\"wp-block-image size-full\"><a href=\"http:\/\/martins-reisen.de\/wp-content\/uploads\/2022\/05\/IMG_9532_ergebnis.jpg\"><img loading=\"lazy\" decoding=\"async\" width=\"800\" height=\"533\" data-id=\"218\" src=\"http:\/\/martins-reisen.de\/wp-content\/uploads\/2022\/05\/IMG_9532_ergebnis.jpg\" alt=\"\" class=\"wp-image-218\" srcset=\"https:\/\/martins-reisen.de\/wp-content\/uploads\/2022\/05\/IMG_9532_ergebnis.jpg 800w, https:\/\/martins-reisen.de\/wp-content\/uploads\/2022\/05\/IMG_9532_ergebnis-300x200.jpg 300w, https:\/\/martins-reisen.de\/wp-content\/uploads\/2022\/05\/IMG_9532_ergebnis-768x512.jpg 768w\" sizes=\"auto, (max-width: 800px) 100vw, 800px\" \/><\/a><\/figure>\n\n\n\n<figure class=\"wp-block-image size-full\"><a href=\"http:\/\/martins-reisen.de\/wp-content\/uploads\/2022\/05\/IMG_9547_ergebnis.jpg\"><img loading=\"lazy\" decoding=\"async\" width=\"800\" height=\"533\" data-id=\"221\" src=\"http:\/\/martins-reisen.de\/wp-content\/uploads\/2022\/05\/IMG_9547_ergebnis.jpg\" alt=\"\" class=\"wp-image-221\" srcset=\"https:\/\/martins-reisen.de\/wp-content\/uploads\/2022\/05\/IMG_9547_ergebnis.jpg 800w, https:\/\/martins-reisen.de\/wp-content\/uploads\/2022\/05\/IMG_9547_ergebnis-300x200.jpg 300w, https:\/\/martins-reisen.de\/wp-content\/uploads\/2022\/05\/IMG_9547_ergebnis-768x512.jpg 768w\" sizes=\"auto, (max-width: 800px) 100vw, 800px\" \/><\/a><\/figure>\n<\/figure>\n\n\n\n<p>Diese Campgrounds sind auch eine gute Gelegenheit, um Frischwasser zu bunkern, Abwasser loszuwerden, etc.<\/p>\n\n\n\n<figure class=\"wp-block-image size-full\"><img loading=\"lazy\" decoding=\"async\" width=\"800\" height=\"533\" src=\"http:\/\/martins-reisen.de\/wp-content\/uploads\/2022\/05\/IMG_9438_ergebnis.jpg\" alt=\"\" class=\"wp-image-193\" srcset=\"https:\/\/martins-reisen.de\/wp-content\/uploads\/2022\/05\/IMG_9438_ergebnis.jpg 800w, https:\/\/martins-reisen.de\/wp-content\/uploads\/2022\/05\/IMG_9438_ergebnis-300x200.jpg 300w, https:\/\/martins-reisen.de\/wp-content\/uploads\/2022\/05\/IMG_9438_ergebnis-768x512.jpg 768w\" sizes=\"auto, (max-width: 800px) 100vw, 800px\" \/><\/figure>\n\n\n\n<p>Z.B. die Pippi-Box zu entleeren<\/p>\n\n\n\n<p>Auch die Au\u00dfenk\u00fcche kommt hier endlich zum Einsatz<\/p>\n\n\n\n<figure class=\"wp-block-gallery has-nested-images columns-3 is-cropped wp-block-gallery-7 is-layout-flex wp-block-gallery-is-layout-flex\">\n<figure class=\"wp-block-image size-full\"><a href=\"http:\/\/martins-reisen.de\/wp-content\/uploads\/2022\/05\/IMG_9472_ergebnis.jpg\"><img loading=\"lazy\" decoding=\"async\" width=\"800\" height=\"533\" data-id=\"210\" src=\"http:\/\/martins-reisen.de\/wp-content\/uploads\/2022\/05\/IMG_9472_ergebnis.jpg\" alt=\"\" class=\"wp-image-210\" srcset=\"https:\/\/martins-reisen.de\/wp-content\/uploads\/2022\/05\/IMG_9472_ergebnis.jpg 800w, https:\/\/martins-reisen.de\/wp-content\/uploads\/2022\/05\/IMG_9472_ergebnis-300x200.jpg 300w, https:\/\/martins-reisen.de\/wp-content\/uploads\/2022\/05\/IMG_9472_ergebnis-768x512.jpg 768w\" sizes=\"auto, (max-width: 800px) 100vw, 800px\" \/><\/a><\/figure>\n\n\n\n<figure class=\"wp-block-image size-full\"><a href=\"http:\/\/martins-reisen.de\/wp-content\/uploads\/2022\/05\/IMG_9478_ergebnis.jpg\"><img loading=\"lazy\" decoding=\"async\" width=\"800\" height=\"533\" data-id=\"212\" src=\"http:\/\/martins-reisen.de\/wp-content\/uploads\/2022\/05\/IMG_9478_ergebnis.jpg\" alt=\"\" class=\"wp-image-212\" srcset=\"https:\/\/martins-reisen.de\/wp-content\/uploads\/2022\/05\/IMG_9478_ergebnis.jpg 800w, https:\/\/martins-reisen.de\/wp-content\/uploads\/2022\/05\/IMG_9478_ergebnis-300x200.jpg 300w, https:\/\/martins-reisen.de\/wp-content\/uploads\/2022\/05\/IMG_9478_ergebnis-768x512.jpg 768w\" sizes=\"auto, (max-width: 800px) 100vw, 800px\" \/><\/a><\/figure>\n\n\n\n<figure class=\"wp-block-image size-full\"><a href=\"http:\/\/martins-reisen.de\/wp-content\/uploads\/2022\/05\/IMG_9493_ergebnis.jpg\"><img loading=\"lazy\" decoding=\"async\" width=\"800\" height=\"533\" data-id=\"214\" src=\"http:\/\/martins-reisen.de\/wp-content\/uploads\/2022\/05\/IMG_9493_ergebnis.jpg\" alt=\"\" class=\"wp-image-214\" srcset=\"https:\/\/martins-reisen.de\/wp-content\/uploads\/2022\/05\/IMG_9493_ergebnis.jpg 800w, https:\/\/martins-reisen.de\/wp-content\/uploads\/2022\/05\/IMG_9493_ergebnis-300x200.jpg 300w, https:\/\/martins-reisen.de\/wp-content\/uploads\/2022\/05\/IMG_9493_ergebnis-768x512.jpg 768w\" sizes=\"auto, (max-width: 800px) 100vw, 800px\" \/><\/a><\/figure>\n<\/figure>\n\n\n\n<h3 class=\"wp-block-heading\"><a href=\"http:\/\/martins-reisen.de\/?page_id=227\" data-type=\"page\" data-id=\"227\">N\u00e4chste Seite<\/a><\/h3>\n","protected":false},"excerpt":{"rendered":"<p>Schon 2 Tage nach Ankunft konnten wir unsere Autos aus dem Hafen abholen (au\u00dfer uns noch ca 60 andere)Die Formalit\u00e4ten waren problemlosDann nur noch Leihwagen zur\u00fcck bringen und los gehts! Das Fahren ist ziemlich stressfrei: Die Geschwindigkeitsbegrenzungen (100-110 auf der Autobahn, 80 auf der Landstra\u00dfe), die Leute respektieren die Regeln (anders als bei uns), die &#8230; <a title=\"Die ersten Tage in Kanada\" class=\"read-more\" href=\"https:\/\/martins-reisen.de\/?page_id=178\" aria-label=\"Mehr Informationen \u00fcber Die ersten Tage in Kanada\">Weiterlesen<\/a><\/p>\n","protected":false},"author":1,"featured_media":0,"parent":0,"menu_order":4,"comment_status":"closed","ping_status":"closed","template":"","meta":{"ngg_post_thumbnail":0,"footnotes":""},"categories":[4],"tags":[],"class_list":{"0":"post-178","1":"page","2":"type-page","3":"status-publish","5":"category-nordamerika"},"_links":{"self":[{"href":"https:\/\/martins-reisen.de\/index.php?rest_route=\/wp\/v2\/pages\/178","targetHints":{"allow":["GET"]}}],"collection":[{"href":"https:\/\/martins-reisen.de\/index.php?rest_route=\/wp\/v2\/pages"}],"about":[{"href":"https:\/\/martins-reisen.de\/index.php?rest_route=\/wp\/v2\/types\/page"}],"author":[{"embeddable":true,"href":"https:\/\/martins-reisen.de\/index.php?rest_route=\/wp\/v2\/users\/1"}],"replies":[{"embeddable":true,"href":"https:\/\/martins-reisen.de\/index.php?rest_route=%2Fwp%2Fv2%2Fcomments&post=178"}],"version-history":[{"count":12,"href":"https:\/\/martins-reisen.de\/index.php?rest_route=\/wp\/v2\/pages\/178\/revisions"}],"predecessor-version":[{"id":1607,"href":"https:\/\/martins-reisen.de\/index.php?rest_route=\/wp\/v2\/pages\/178\/revisions\/1607"}],"wp:attachment":[{"href":"https:\/\/martins-reisen.de\/index.php?rest_route=%2Fwp%2Fv2%2Fmedia&parent=178"}],"wp:term":[{"taxonomy":"category","embeddable":true,"href":"https:\/\/martins-reisen.de\/index.php?rest_route=%2Fwp%2Fv2%2Fcategories&post=178"},{"taxonomy":"post_tag","embeddable":true,"href":"https:\/\/martins-reisen.de\/index.php?rest_route=%2Fwp%2Fv2%2Ftags&post=178"}],"curies":[{"name":"wp","href":"https:\/\/api.w.org\/{rel}","templated":true}]}}